{"id":41,"date":"2016-06-03T18:54:10","date_gmt":"2016-06-03T18:54:10","guid":{"rendered":"http:\/\/www.decoflor.com.mx\/?page_id=41"},"modified":"2019-01-14T21:17:08","modified_gmt":"2019-01-14T21:17:08","slug":"contacto","status":"publish","type":"page","link":"https:\/\/www.decoflor.com.mx\/index.php\/contacto\/","title":{"rendered":"Contacto"},"content":{"rendered":"<div class=\"vc_row wpb_row vc_row-fluid\"><div class=\"wpb_column vc_column_container vc_col-sm-8\"><div class=\"wpb_wrapper\">\n\t<div class=\"wpb_text_column wpb_content_element \">\n\t\t<div class=\"wpb_wrapper\">\n\t\t\t<div class=\"wpb_gmaps_widget wpb_content_element\">\n\t<div class=\"wpb_wrapper\">\n\t<div class=\"wpb_map_wraper\">\n\t\t<iframe src=\"https:\/\/www.google.com\/maps\/embed?pb=!1m18!1m12!1m3!1d3501.8481789969724!2d-106.08955768560386!3d28.634311982417074!2m3!1f0!2f0!3f0!3m2!1i1024!2i768!4f13.1!3m3!1m2!1s0x86ea434a7741d51b%3A0x4fe1a827b78972f0!2sFLORERIA+DECOFLOR!5e0!3m2!1ses!2smx!4v1464985351062\" width=\"100%\" height=\"300\" frameborder=\"0\" style=\"border:0\" allowfullscreen><\/iframe>\t<\/div>\n\t<\/div>\t<\/div>\n\n\t\t<\/div> \n\t<\/div> \n\t<div class=\"wpb_text_column wpb_content_element \">\n\t\t<div class=\"wpb_wrapper\">\n\t\t\t<p><i class=\"fa fa-map-marker\"><\/i>Av. Mirador 1301 Esquina con Calle Lisboa.<br \/>\n<i class=\"fa fa-envelope-square\"><\/i>Codigo Postal 31205 Chihuahua, Chih. Mex.<br \/>\n<i class=\"fa fa-phone\"><\/i> 52-(614)-415-5090<br \/>\n<i class=\"fa fa-phone\"><\/i> 52-(614)-415-9392<br \/>\n<i class=\"fa fa-phone\"><\/i> 52-(614)-410-0961<\/p>\n<p><i class=\"fa fa-envelope\"><\/i> info@decoflor.com.mx<\/p>\n<p><!--\n\n<i class=\"fa fa-fax\"><\/i> (102) 8888 9999\n\n<i class=\"fa fa-clock-o\"><\/i> Mon - Sat: 9:00 - 18:00\n\n--><\/p>\n\n\t\t<\/div> \n\t<\/div> <\/div><\/div><div class=\"wpb_column vc_column_container vc_col-sm-4\"><div class=\"wpb_wrapper\">\n\t<div class=\"wpb_text_column wpb_content_element \">\n\t\t<div class=\"wpb_wrapper\">\n\t\t\t\n\n<!-- Fast Secure Contact Form plugin 4.0.41 - begin - FastSecureContactForm.com -->\r\n<div class=\"fscf-div-clear\"><\/div>\n<h4>Cont\u00e1ctanos<\/h4>\r\n<div id=\"FSContact1\" class=\"fscf-div-form\">\r\n<form action=\"https:\/\/www.decoflor.com.mx\/index.php\/wp-json\/wp\/v2\/pages\/41#FSContact1\" id=\"fscf_form1\" method=\"post\">\r\n\n<div id=\"fscf_required1\">\n  <span class=\"fscf-required-indicator\">*<\/span> <span class=\"fscf-required-text\">denota un campo obligatorio<\/span>\n<\/div>\n\n\n<div id=\"fscf_div_clear1_0\" class=\"fscf-div-clear\">\n  <div id=\"fscf_div_field1_0\" class=\"fscf-div-field-left\">\r\n    <div class=\"fscf-div-label\">\n      <label class=\"fscf-label\" for=\"fscf_name1\">Nombre:<span class=\"fscf-required-indicator\">*<\/span><\/label>\n    <\/div>\r\n    <div class=\"fscf-div-field\">\r\n      <input class=\"fscf-input-text\" type=\"text\" id=\"fscf_name1\" name=\"full_name\" value=\"\"  \/>\r\n    <\/div>\r\n  <\/div>\n<\/div>\n\n<div id=\"fscf_div_clear1_1\" class=\"fscf-div-clear\">\n  <div id=\"fscf_div_field1_1\" class=\"fscf-div-field-left\">\n    <div class=\"fscf-div-label\">\n      <label class=\"fscf-label\" for=\"fscf_email1\">Correo Electr\u00f3nico:<span class=\"fscf-required-indicator\">*<\/span><\/label>\n    <\/div>\n    <div class=\"fscf-div-field\">\n      <input class=\"fscf-input-text\" type=\"text\" id=\"fscf_email1\" name=\"email\" value=\"\"  \/>\n    <\/div>\n  <\/div>\n<\/div>\n\n<div id=\"fscf_div_clear1_2\" class=\"fscf-div-clear\">\n  <div id=\"fscf_div_field1_2\" class=\"fscf-div-field-left\">\n    <div class=\"fscf-div-label\">\n      <label class=\"fscf-label\" for=\"fscf_field1_2\">Tema:<span class=\"fscf-required-indicator\">*<\/span><\/label>\n    <\/div>\n    <div class=\"fscf-div-field\">\n      <input class=\"fscf-input-text\" type=\"text\" id=\"fscf_field1_2\" name=\"subject\" value=\"\"  \/>\n    <\/div>\n  <\/div>\n<\/div>\n\n<div id=\"fscf_div_clear1_3\" class=\"fscf-div-clear\">\n  <div id=\"fscf_div_field1_3\" class=\"fscf-div-field-left\">\n    <div class=\"fscf-div-label\">\n      <label class=\"fscf-label\" for=\"fscf_field1_3\">Mensaje:<span class=\"fscf-required-indicator\">*<\/span><\/label>\n    <\/div>\n    <div class=\"fscf-div-field\">\n      <textarea class=\"fscf-input-textarea\" id=\"fscf_field1_3\" name=\"message\" cols=\"30\" rows=\"10\" ><\/textarea>\n    <\/div>\n  <\/div>\n<\/div>\r\n<div class=\"fscf-div-clear\"><\/div>\n\n<div class=\"fscf-div-label\">\n<\/div>\n<div id=\"fscf_captcha_image_div1\" class=\"fscf-div-captcha-m\">\n      <img id=\"fscf_captcha_image1\" class=\"fscf-image-captcha\" src=\"https:\/\/www.decoflor.com.mx\/wp-content\/plugins\/si-contact-form\/captcha\/securimage_show.php?prefix=wrGo5gr70cLUz6GR\" width=\"175\" height=\"60\" alt=\"Imagen CAPTCHA\" title=\"Imagen CAPTCHA\" \/>\n      <input id=\"fscf_captcha_prefix1\" type=\"hidden\" name=\"fscf_captcha_prefix1\" value=\"wrGo5gr70cLUz6GR\" \/>\n     <div id=\"fscf_captcha_refresh1\">\n        <a href=\"#\" rel=\"nofollow\" title=\"Depurar imagen\" onclick=\"fscf_captcha_refresh('1','\/wp-content\/plugins\/si-contact-form\/captcha','https:\/\/www.decoflor.com.mx\/wp-content\/plugins\/si-contact-form\/captcha\/securimage_show.php?prefix='); return false;\">\n        <img src=\"https:\/\/www.decoflor.com.mx\/wp-content\/plugins\/si-contact-form\/captcha\/images\/refresh.png\" width=\"22\" height=\"20\" alt=\"Depurar imagen\" class=\"fscf-image-captcha-refresh\" onclick=\"this.blur();\" \/><\/a>\r\n     <\/div>\r\n<\/div>\r\n\r\n<div id=\"fscf_captcha_field1\" class=\"fscf-div-label\">\r\n     <label class=\"fscf-label\" for=\"fscf_captcha_code1\">C\u00f3digo CAPTCHA:<span class=\"fscf-required-indicator\">*<\/span><\/label>\r\n<\/div>\r\n<div class=\"fscf-div-field\">\n     <input class=\"fscf-input-captcha\" type=\"text\" value=\"\" id=\"fscf_captcha_code1\" name=\"captcha_code\"  \/>\n<\/div>\n\n<div id=\"fscf_submit_div1\" class=\"fscf-div-submit\">\r\n\t\t<input type=\"submit\" id=\"fscf_submit1\" class=\"fscf-button-submit\" value=\"Enviar\"  onclick=\"this.disabled=true; this.value='Enviando....'; this.form.submit();\" \/> \n<\/div>\n\n<input type=\"hidden\" name=\"fscf_submitted\" value=\"0\" \/>\n<input type=\"hidden\" name=\"fs_postonce_1\" value=\"c0243c764773b6274d716c4a055211e6,1777636193\" \/>\n<input type=\"hidden\" name=\"si_contact_action\" value=\"send\" \/>\n<input type=\"hidden\" name=\"form_id\" value=\"1\" \/>\n<input type=\"hidden\" name=\"mailto_id\" value=\"1\" \/>\n\n<\/form>\n<\/div>\r\n<div class=\"fscf-div-clear\"><\/div>\n\n<!-- Fast Secure Contact Form plugin 4.0.41 - end - FastSecureContactForm.com -->\n\n\n\t\t<\/div> \n\t<\/div> <\/div><\/div><\/div>\n","protected":false},"excerpt":{"rendered":"Av. Mirador 1301 Esquina con Calle Lisboa. Codigo Postal 31205 Chihuahua, Chih. Mex. 52-(614)-415-5090 52-(614)-415-9392 52-(614)-410-0961 info@decoflor.com.mx Cont\u00e1ctanos * denota un campo obligatorio Nombre:* Correo Electr\u00f3nico:* Tema:* Mensaje:* C\u00f3digo CAPTCHA:*","protected":false},"author":1,"featured_media":0,"parent":0,"menu_order":0,"comment_status":"closed","ping_status":"closed","template":"","meta":{"footnotes":""},"_links":{"self":[{"href":"https:\/\/www.decoflor.com.mx\/index.php\/wp-json\/wp\/v2\/pages\/41"}],"collection":[{"href":"https:\/\/www.decoflor.com.mx\/index.php\/wp-json\/wp\/v2\/pages"}],"about":[{"href":"https:\/\/www.decoflor.com.mx\/index.php\/wp-json\/wp\/v2\/types\/page"}],"author":[{"embeddable":true,"href":"https:\/\/www.decoflor.com.mx\/index.php\/wp-json\/wp\/v2\/users\/1"}],"replies":[{"embeddable":true,"href":"https:\/\/www.decoflor.com.mx\/index.php\/wp-json\/wp\/v2\/comments?post=41"}],"version-history":[{"count":4,"href":"https:\/\/www.decoflor.com.mx\/index.php\/wp-json\/wp\/v2\/pages\/41\/revisions"}],"predecessor-version":[{"id":1379,"href":"https:\/\/www.decoflor.com.mx\/index.php\/wp-json\/wp\/v2\/pages\/41\/revisions\/1379"}],"wp:attachment":[{"href":"https:\/\/www.decoflor.com.mx\/index.php\/wp-json\/wp\/v2\/media?parent=41"}],"curies":[{"name":"wp","href":"https:\/\/api.w.org\/{rel}","templated":true}]}}